{"id":97,"date":"2021-06-17T23:25:39","date_gmt":"2021-06-17T21:25:39","guid":{"rendered":"https:\/\/gasglad.se\/varmeteknik\/?page_id=97"},"modified":"2021-06-17T23:26:50","modified_gmt":"2021-06-17T21:26:50","slug":"murspisar","status":"publish","type":"page","link":"https:\/\/gasglad.se\/varmeteknik\/murspisar\/","title":{"rendered":"Murspisar"},"content":{"rendered":"\t\t<div data-elementor-type=\"wp-page\" data-elementor-id=\"97\" class=\"elementor elementor-97\" data-elementor-settings=\"[]\">\n\t\t\t\t\t\t\t<div class=\"elementor-section-wrap\">\n\t\t\t\t\t\t\t<section class=\"elementor-section elementor-top-section elementor-element elementor-element-1320ffb elementor-section-boxed elementor-section-height-default elementor-section-height-default\" data-id=\"1320ffb\" data-element_type=\"section\">\n\t\t\t\t\t\t<div class=\"elementor-container elementor-column-gap-default\">\n\t\t\t\t\t<div class=\"elementor-column elementor-col-100 elementor-top-column elementor-element elementor-element-f33ccae\" data-id=\"f33ccae\" data-element_type=\"column\">\n\t\t\t<div class=\"elementor-widget-wrap elementor-element-populated\">\n\t\t\t\t\t\t\t\t<div class=\"elementor-element elementor-element-960fb25 elementor-widget elementor-widget-heading\" data-id=\"960fb25\" data-element_type=\"widget\" data-widget_type=\"heading.default\">\n\t\t\t\t<div class=\"elementor-widget-container\">\n\t\t\t<h1 class=\"elementor-heading-title elementor-size-default\">Murspisar<\/h1>\t\t<\/div>\n\t\t\t\t<\/div>\n\t\t\t\t\t<\/div>\n\t\t<\/div>\n\t\t\t\t\t\t\t<\/div>\n\t\t<\/section>\n\t\t\t\t<section class=\"elementor-section elementor-top-section elementor-element elementor-element-12c369b elementor-section-boxed elementor-section-height-default elementor-section-height-default\" data-id=\"12c369b\" data-element_type=\"section\">\n\t\t\t\t\t\t<div class=\"elementor-container elementor-column-gap-default\">\n\t\t\t\t\t<div class=\"elementor-column elementor-col-100 elementor-top-column elementor-element elementor-element-ac186ed\" data-id=\"ac186ed\" data-element_type=\"column\">\n\t\t\t<div class=\"elementor-widget-wrap elementor-element-populated\">\n\t\t\t\t\t\t\t\t<div class=\"elementor-element elementor-element-f3daf6b elementor-widget elementor-widget-text-editor\" data-id=\"f3daf6b\" data-element_type=\"widget\" data-widget_type=\"text-editor.default\">\n\t\t\t\t<div class=\"elementor-widget-container\">\n\t\t\t\t\t\t\t\t<p>F\u00f6r dig som inte har \u00f6ppen spis men g\u00e4rna vill skaffa en:<br \/><span style=\"font-family: Arial;\"><br \/>F\u00f6r dig som inte redan har en \u00f6ppen spis finns det m\u00e5nga m\u00f6jligheter till snygg l\u00f6sning utan att det f\u00f6r den skull kostar en f\u00f6rm\u00f6genhet. Samtliga \u00e5terf\u00f6rs\u00e4ljare\/v\u00e4rmekonsulenter av Energikassetten kan ombes\u00f6rja en s\u00e5 kallad omramning till Energikassetten vilken muras p\u00e5 plats. Utseendet samr\u00e5der vi om s\u00e5 att det passar in i just din hemmilj\u00f6. P\u00e5 denna sida finner du n\u00e5gra av de olika varianter som \u00e4r m\u00f6jliga att forma p\u00e5 plats, allt fr\u00e5n stilrena klassiska modeller till individuella formgivningar. M\u00f6jligheten att f\u00e5 olika ytstrukturer finns ocks\u00e5, begr\u00e4nsningarna \u00e4r f\u00e5.<\/span><\/p><p>\u00a0<\/p>\t\t\t\t\t\t<\/div>\n\t\t\t\t<\/div>\n\t\t\t\t<div class=\"elementor-element elementor-element-7482971 elementor-widget elementor-widget-heading\" data-id=\"7482971\" data-element_type=\"widget\" data-widget_type=\"heading.default\">\n\t\t\t\t<div class=\"elementor-widget-container\">\n\t\t\t<h2 class=\"elementor-heading-title elementor-size-default\">Energikasetten<\/h2>\t\t<\/div>\n\t\t\t\t<\/div>\n\t\t\t\t<div class=\"elementor-element elementor-element-c08b9bc elementor-widget elementor-widget-text-editor\" data-id=\"c08b9bc\" data-element_type=\"widget\" data-widget_type=\"text-editor.default\">\n\t\t\t\t<div class=\"elementor-widget-container\">\n\t\t\t\t\t\t\t\t<p>Energikassetten har ett typgodk\u00e4nt system som m\u00f6jligg\u00f6r att ni kan f\u00e5 en snygg l\u00f6sning utan att det f\u00f6r den saks skull kostar en f\u00f6rm\u00f6genhet. De flesta \u00e5terf\u00f6rs\u00e4ljare av Energikassetten kan ombes\u00f6rja en murspis (omramning) som bygges direkt p\u00e5 plats. Utseendet samr\u00e5der ni om s\u00e5 att det passar in just i er hemmilj\u00f6. Spisarna finns att f\u00e5 i putsat utf\u00f6rande eller tegel. M\u00f6jligheterna att f\u00e5 olika ytstrukturer finns ocks\u00e5, begr\u00e4nsningarna \u00e4r f\u00e5. P\u00e5 denna sidan finner ni n\u00e5gra av de olika modellerna som \u00e4r m\u00f6jliga att forma p\u00e5 plats. Vi kan ocks\u00e5 erbjuda sandstensomramningar i kontinental stil.<\/p>\t\t\t\t\t\t<\/div>\n\t\t\t\t<\/div>\n\t\t\t\t\t<\/div>\n\t\t<\/div>\n\t\t\t\t\t\t\t<\/div>\n\t\t<\/section>\n\t\t\t\t\t\t<\/div>\n\t\t\t\t\t<\/div>\n\t\t","protected":false},"excerpt":{"rendered":"<p>Murspisar F\u00f6r dig som inte har \u00f6ppen spis men g\u00e4rna vill skaffa en: F\u00f6r dig som inte redan har en \u00f6ppen spis finns det m\u00e5nga m\u00f6jligheter till snygg l\u00f6sning utan att det f\u00f6r den skull kostar en f\u00f6rm\u00f6genhet. Samtliga \u00e5terf\u00f6rs\u00e4ljare\/v\u00e4rmekonsulenter av Energikassetten kan ombes\u00f6rja en s\u00e5 kallad omramning till Energikassetten vilken muras p\u00e5 plats. Utseendet [&hellip;]<\/p>\n","protected":false},"author":1,"featured_media":0,"parent":0,"menu_order":0,"comment_status":"closed","ping_status":"closed","template":"","meta":{"footnotes":""},"class_list":["post-97","page","type-page","status-publish","hentry"],"_links":{"self":[{"href":"https:\/\/gasglad.se\/varmeteknik\/wp-json\/wp\/v2\/pages\/97","targetHints":{"allow":["GET"]}}],"collection":[{"href":"https:\/\/gasglad.se\/varmeteknik\/wp-json\/wp\/v2\/pages"}],"about":[{"href":"https:\/\/gasglad.se\/varmeteknik\/wp-json\/wp\/v2\/types\/page"}],"author":[{"embeddable":true,"href":"https:\/\/gasglad.se\/varmeteknik\/wp-json\/wp\/v2\/users\/1"}],"replies":[{"embeddable":true,"href":"https:\/\/gasglad.se\/varmeteknik\/wp-json\/wp\/v2\/comments?post=97"}],"version-history":[{"count":3,"href":"https:\/\/gasglad.se\/varmeteknik\/wp-json\/wp\/v2\/pages\/97\/revisions"}],"predecessor-version":[{"id":105,"href":"https:\/\/gasglad.se\/varmeteknik\/wp-json\/wp\/v2\/pages\/97\/revisions\/105"}],"wp:attachment":[{"href":"https:\/\/gasglad.se\/varmeteknik\/wp-json\/wp\/v2\/media?parent=97"}],"curies":[{"name":"wp","href":"https:\/\/api.w.org\/{rel}","templated":true}]}}